{"id":7,"date":"2018-12-19T16:52:33","date_gmt":"2018-12-19T15:52:33","guid":{"rendered":"http:\/\/spirutech.fr\/?page_id=7"},"modified":"2022-02-01T08:28:19","modified_gmt":"2022-02-01T07:28:19","slug":"accueil","status":"publish","type":"page","link":"https:\/\/www.spirutech.fr\/index.php\/accueil\/","title":{"rendered":"A propos de Spirutech"},"content":{"rendered":"<p><img loading=\"lazy\" class=\"size-medium wp-image-65 alignright\" src=\"http:\/\/spirutech.fr\/wp-content\/uploads\/2018\/12\/mois-de-mai-300x225.jpg\" alt=\"\" width=\"300\" height=\"225\" srcset=\"https:\/\/www.spirutech.fr\/wp-content\/uploads\/2018\/12\/mois-de-mai-300x225.jpg 300w, https:\/\/www.spirutech.fr\/wp-content\/uploads\/2018\/12\/mois-de-mai-768x576.jpg 768w, https:\/\/www.spirutech.fr\/wp-content\/uploads\/2018\/12\/mois-de-mai.jpg 1024w\" sizes=\"(max-width: 300px) 100vw, 300px\" \/>Spirutech est issu de la ferme \u00ab\u00a0<strong>Spiruline Solaire<\/strong>\u00a0\u00bb dans les Alpes de Haute Provence.<\/p>\n<p>Situ\u00e9 \u00e0 900m d&rsquo;altitude et non reli\u00e9 aux r\u00e9seaux publics, le projet de cr\u00e9ation d&rsquo;une culture d&rsquo;algues tropicales posait de nombreux d\u00e9fis.&nbsp; Structure des serres, consommation \u00e9lectrique, gestion de la temp\u00e9rature, tout \u00e9tait a r\u00e9inventer.<\/p>\n<p>Ce n&rsquo;est qu&rsquo;au bout de trois ans d&rsquo;exp\u00e9rimentation que la ferme fonctionnait&nbsp; correctement. En m\u00eame temps, les innovations techniques commen\u00e7aient a \u00eatre remarqu\u00e9es dans le cadre de la <strong>F\u00e9d\u00e9ration des Spiruliniers de France<\/strong>. Rapidement les premi\u00e8res presses sous vide trouvaient des preneurs pendant que je travaillais sur une forme commerciale du filtre a tambour.<\/p>\n","protected":false},"excerpt":{"rendered":"<p>Spirutech est issu de la ferme \u00ab\u00a0Spiruline Solaire\u00a0\u00bb dans les Alpes de Haute Provence. Situ\u00e9 \u00e0 900m d&rsquo;altitude et non reli\u00e9 aux r\u00e9seaux publics, le projet de cr\u00e9ation d&rsquo;une culture d&rsquo;algues tropicales posait de nombreux d\u00e9fis.&nbsp; Structure des serres, consommation \u00e9lectrique, gestion de la temp\u00e9rature, tout \u00e9tait a r\u00e9inventer. Ce n&rsquo;est qu&rsquo;au bout de trois &hellip; <\/p>\n<p class=\"link-more\"><a href=\"https:\/\/www.spirutech.fr\/index.php\/accueil\/\" class=\"more-link\">Continuer la lecture<span class=\"screen-reader-text\"> de &laquo;&nbsp;A propos de Spirutech&nbsp;&raquo;<\/span><\/a><\/p>\n","protected":false},"author":1,"featured_media":111,"parent":0,"menu_order":0,"comment_status":"closed","ping_status":"closed","template":"","meta":[],"_links":{"self":[{"href":"https:\/\/www.spirutech.fr\/index.php\/wp-json\/wp\/v2\/pages\/7"}],"collection":[{"href":"https:\/\/www.spirutech.fr\/index.php\/wp-json\/wp\/v2\/pages"}],"about":[{"href":"https:\/\/www.spirutech.fr\/index.php\/wp-json\/wp\/v2\/types\/page"}],"author":[{"embeddable":true,"href":"https:\/\/www.spirutech.fr\/index.php\/wp-json\/wp\/v2\/users\/1"}],"replies":[{"embeddable":true,"href":"https:\/\/www.spirutech.fr\/index.php\/wp-json\/wp\/v2\/comments?post=7"}],"version-history":[{"count":15,"href":"https:\/\/www.spirutech.fr\/index.php\/wp-json\/wp\/v2\/pages\/7\/revisions"}],"predecessor-version":[{"id":334,"href":"https:\/\/www.spirutech.fr\/index.php\/wp-json\/wp\/v2\/pages\/7\/revisions\/334"}],"wp:featuredmedia":[{"embeddable":true,"href":"https:\/\/www.spirutech.fr\/index.php\/wp-json\/wp\/v2\/media\/111"}],"wp:attachment":[{"href":"https:\/\/www.spirutech.fr\/index.php\/wp-json\/wp\/v2\/media?parent=7"}],"curies":[{"name":"wp","href":"https:\/\/api.w.org\/{rel}","templated":true}]}}